{"id":7687,"date":"2025-01-03T23:22:42","date_gmt":"2025-01-03T23:22:42","guid":{"rendered":"https:\/\/sklepfashion.pl\/index.php\/produkt\/damskie-kozaki-skorzane-na-zamek-tamaris-r-41-ta5s\/"},"modified":"2025-01-20T15:05:09","modified_gmt":"2025-01-20T15:05:09","slug":"damskie-kozaki-skorzane-na-zamek-tamaris-r-41-ta5s","status":"publish","type":"product","link":"https:\/\/sklepfashion.pl\/index.php\/produkt\/damskie-kozaki-skorzane-na-zamek-tamaris-r-41-ta5s\/","title":{"rendered":"Damskie kozaki sk\u00f3rzane na zamek TAMARIS R.41 TA5S"},"content":{"rendered":"<section class=\"section\">\n<div class=\"item item-6\">\n<section class=\"image-item\"><img decoding=\"async\" src=\"https:\/\/upload.cdn.baselinker.com\/products\/5028969\/d903af555cb56cb2117d65cb3cbaa55c.jpg\" \/><\/section>\n<\/p><\/div>\n<div class=\"item item-6\">\n<section class=\"image-item\"><img decoding=\"async\" src=\"https:\/\/upload.cdn.baselinker.com\/products\/5028969\/f0bd214c75198a83a9bf4ee4a9aa8c08.jpg\" \/><\/section>\n<\/p><\/div>\n<\/section>\n<section class=\"section\">\n<div class=\"item item-6\">\n<section class=\"text-item\">\n<p>Damskie kozaki sk\u00f3rzane na zamek &nbsp;TAMARIS &nbsp;R.41 &nbsp;TA5S<\/p>\n<p>Rozmiar&nbsp; 41&nbsp; wk\u0142adka 27 CM<\/p>\n<p>\u015alady u\u017cytkowania: NOWE<\/p>\n<p><b>Materia\u0142 wewn\u0119trzny: sk\u00f3ra<\/b><\/p>\n<p><b>Wy\u015bci\u00f3\u0142ka: mi\u0119kka&nbsp; komfort wk\u0142adka<\/b><\/p>\n<p><b>Wysoko\u015b\u0107 obcasa<\/b>: 6&nbsp; cm<\/p>\n<p><b>Wysoko\u015b\u0107 obuwia ca\u0142kowita z obcasem:<\/b>&nbsp; 42 cm<\/p>\n<p><b>Szeroko\u015b\u0107 cholewki<\/b>:&nbsp; 19X2 cm do poszerzenia<\/p>\n<p><b>Zapi\u0119cie; zamek<\/b><\/p>\n<p><b>Zapakowane w karton zast\u0119pczy<\/b><\/p>\n<p>Obuwie na naszych aukcjach s\u0105 oryginalne pochodz\u0105ce ze sklep\u00f3w z najwi\u0119kszych znanych platform<\/p>\n<p>Zapraszamy do zakupu<\/p>\n<\/section><\/div>\n<div class=\"item item-6\">\n<section class=\"image-item\"><img decoding=\"async\" src=\"https:\/\/upload.cdn.baselinker.com\/products\/5028969\/718e4c926158b931aad1d386edf6c7bf.jpg\" \/><\/section>\n<\/p><\/div>\n<\/section>\n","protected":false},"excerpt":{"rendered":"<p>Damskie kozaki sk\u00f3rzane na zamek &nbsp;TAMARIS &nbsp;R.41 &nbsp;TA5S Rozmiar&nbsp; 41&nbsp; wk\u0142adka 27 CM \u015alady u\u017cytkowania: NOWE Materia\u0142 wewn\u0119trzny: sk\u00f3ra Wy\u015bci\u00f3\u0142ka: mi\u0119kka&nbsp; komfort wk\u0142adka Wysoko\u015b\u0107 obcasa: 6&nbsp; cm Wysoko\u015b\u0107 obuwia ca\u0142kowita z obcasem:&nbsp; 42 cm Szeroko\u015b\u0107 cholewki:&nbsp; 19X2 cm do poszerzenia Zapi\u0119cie; zamek Zapakowane w karton zast\u0119pczy Obuwie na naszych aukcjach s\u0105 oryginalne pochodz\u0105ce ze sklep\u00f3w [&hellip;]<\/p>\n","protected":false},"featured_media":7678,"comment_status":"open","ping_status":"closed","template":"","meta":{"_gspb_post_css":"","slim_seo":{"title":"Damskie kozaki sk\u00f3rzane na zamek TAMARIS R.41 TA5S - SklepFashion Gda\u0144sk","description":"Damskie kozaki sk\u00f3rzane na zamek &nbsp;TAMARIS &nbsp;R.41 &nbsp;TA5S Rozmiar&nbsp; 41&nbsp; wk\u0142adka 27 CM \u015alady u\u017cytkowania: NOWE Materia\u0142 wewn\u0119trzny: sk\u00f3ra Wy\u015b"},"iawp_total_views":1},"product_brand":[],"product_cat":[119,66,126,169],"product_tag":[],"class_list":{"0":"post-7687","1":"product","2":"type-product","3":"status-publish","4":"has-post-thumbnail","6":"product_cat-damskie","7":"product_cat-odziez-obuwie-dodatki-obuwie-damskie-kozaki","8":"product_cat-rozmiar-41","9":"product_cat-rozmiar-41-damskie","11":"first","12":"instock","13":"shipping-taxable","14":"purchasable","15":"product-type-simple"},"_links":{"self":[{"href":"https:\/\/sklepfashion.pl\/index.php\/wp-json\/wp\/v2\/product\/7687","targetHints":{"allow":["GET"]}}],"collection":[{"href":"https:\/\/sklepfashion.pl\/index.php\/wp-json\/wp\/v2\/product"}],"about":[{"href":"https:\/\/sklepfashion.pl\/index.php\/wp-json\/wp\/v2\/types\/product"}],"replies":[{"embeddable":true,"href":"https:\/\/sklepfashion.pl\/index.php\/wp-json\/wp\/v2\/comments?post=7687"}],"wp:featuredmedia":[{"embeddable":true,"href":"https:\/\/sklepfashion.pl\/index.php\/wp-json\/wp\/v2\/media\/7678"}],"wp:attachment":[{"href":"https:\/\/sklepfashion.pl\/index.php\/wp-json\/wp\/v2\/media?parent=7687"}],"wp:term":[{"taxonomy":"product_brand","embeddable":true,"href":"https:\/\/sklepfashion.pl\/index.php\/wp-json\/wp\/v2\/product_brand?post=7687"},{"taxonomy":"product_cat","embeddable":true,"href":"https:\/\/sklepfashion.pl\/index.php\/wp-json\/wp\/v2\/product_cat?post=7687"},{"taxonomy":"product_tag","embeddable":true,"href":"https:\/\/sklepfashion.pl\/index.php\/wp-json\/wp\/v2\/product_tag?post=7687"}],"curies":[{"name":"wp","href":"https:\/\/api.w.org\/{rel}","templated":true}]}}