{"id":18868,"date":"2025-11-03T07:53:40","date_gmt":"2025-11-03T06:53:40","guid":{"rendered":"https:\/\/sklepfashion.pl\/?post_type=product&#038;p=18868"},"modified":"2025-11-17T15:32:27","modified_gmt":"2025-11-17T14:32:27","slug":"bezowe-sztyblety-botki-damskie-geox-r-39-ge9z","status":"publish","type":"product","link":"https:\/\/sklepfashion.pl\/index.php\/produkt\/bezowe-sztyblety-botki-damskie-geox-r-39-ge9z\/","title":{"rendered":"Be\u017cowe sztyblety botki damskie Geox R.39 GE9Z"},"content":{"rendered":"<p>Oryginalne\u00a0<b>Geox D Iridea F Suede<\/b>, w kolorze\u00a0<b>sand (piaskowy be\u017c)<\/b><\/p>\n<p>Wykonane z najwy\u017cszej jako\u015bci\u00a0<b>naturalnego zamszu<\/b>, z charakterystyczn\u0105, oddychaj\u0105c\u0105 podeszw\u0105 Geox, kt\u00f3ra zapewnia komfort i sucho\u015b\u0107 st\u00f3p przez ca\u0142y dzie\u0144.<\/p>\n<p>Model wsuwany, z elastycznymi wstawkami po bokach i solidn\u0105 platform\u0105 \u2014 po\u0142\u0105czenie stylu i wygody w jednym.<\/p>\n<p><b>Rozmiar:<\/b>\u00a039 EU<\/p>\n<p>\ud83d\udc63\u00a0<b>D\u0142ugo\u015b\u0107 wk\u0142adki:<\/b>\u00a0ok. 25,5 cm<\/p>\n<p>\ud83c\udf3f\u00a0<b>Materia\u0142:<\/b>\u00a0naturalny zamsz<\/p>\n<p>\ud83e\udd7f\u00a0<b>Kolor:<\/b>\u00a0be\u017cowy (sand)<\/p>\n<p>\ud83d\udce6\u00a0<b>Stan:<\/b>\u00a0nowe, oryginalne, w pude\u0142ku<\/p>\n<p>\ud83d\udc8e Model: D26HRF 00022 C5004<\/p>\n<p>Idealne do jesiennych i zimowych stylizacji \u2014 pasuj\u0105 zar\u00f3wno do jeans\u00f3w, jak i sukienek!<\/p>\n","protected":false},"excerpt":{"rendered":"<p>Oryginalne\u00a0Geox D Iridea F Suede, w kolorze\u00a0sand (piaskowy be\u017c) Wykonane z najwy\u017cszej jako\u015bci\u00a0naturalnego zamszu, z charakterystyczn\u0105, oddychaj\u0105c\u0105 podeszw\u0105 Geox, kt\u00f3ra zapewnia komfort i sucho\u015b\u0107 st\u00f3p przez ca\u0142y dzie\u0144. Model wsuwany, z elastycznymi wstawkami po bokach i solidn\u0105 platform\u0105 \u2014 po\u0142\u0105czenie stylu i wygody w jednym. Rozmiar:\u00a039 EU \ud83d\udc63\u00a0D\u0142ugo\u015b\u0107 wk\u0142adki:\u00a0ok. 25,5 cm \ud83c\udf3f\u00a0Materia\u0142:\u00a0naturalny zamsz \ud83e\udd7f\u00a0Kolor:\u00a0be\u017cowy (sand) [&hellip;]<\/p>\n","protected":false},"featured_media":18879,"comment_status":"open","ping_status":"closed","template":"","meta":{"_gspb_post_css":"","slim_seo":{"title":"Be\u017cowe sztyblety botki damskie Geox R.39 GE9Z - SklepFashion Gda\u0144sk","description":"Oryginalne\u00a0 Geox D Iridea F Suede , w kolorze\u00a0 sand (piaskowy be\u017c) Wykonane z najwy\u017cszej jako\u015bci\u00a0 naturalnego zamszu , z charakterystyczn\u0105, oddychaj\u0105c\u0105 podeszw\u0105"},"iawp_total_views":11},"product_brand":[],"product_cat":[116,119,124,167],"product_tag":[390,395,391,361,340,393,394,392,389,378],"class_list":{"0":"post-18868","1":"product","2":"type-product","3":"status-publish","4":"has-post-thumbnail","6":"product_cat-damskie-buty","7":"product_cat-damskie","8":"product_cat-rozmiar-39","9":"product_cat-rozmiar-39-damskie","10":"product_tag-botki-bezowe-damskie","11":"product_tag-botki-damskie-r-39","12":"product_tag-botki-geox-r-39","13":"product_tag-botki-skorzane-damskie","14":"product_tag-modne-botki-geox","15":"product_tag-obuwie-damskie-geox","16":"product_tag-stylowe-sztyblety","17":"product_tag-sztyblety-bezowe","18":"product_tag-sztyblety-damskie-geox","19":"product_tag-wygodne-botki-damskie","21":"first","22":"instock","23":"sale","24":"shipping-taxable","25":"purchasable","26":"product-type-simple"},"_links":{"self":[{"href":"https:\/\/sklepfashion.pl\/index.php\/wp-json\/wp\/v2\/product\/18868","targetHints":{"allow":["GET"]}}],"collection":[{"href":"https:\/\/sklepfashion.pl\/index.php\/wp-json\/wp\/v2\/product"}],"about":[{"href":"https:\/\/sklepfashion.pl\/index.php\/wp-json\/wp\/v2\/types\/product"}],"replies":[{"embeddable":true,"href":"https:\/\/sklepfashion.pl\/index.php\/wp-json\/wp\/v2\/comments?post=18868"}],"wp:featuredmedia":[{"embeddable":true,"href":"https:\/\/sklepfashion.pl\/index.php\/wp-json\/wp\/v2\/media\/18879"}],"wp:attachment":[{"href":"https:\/\/sklepfashion.pl\/index.php\/wp-json\/wp\/v2\/media?parent=18868"}],"wp:term":[{"taxonomy":"product_brand","embeddable":true,"href":"https:\/\/sklepfashion.pl\/index.php\/wp-json\/wp\/v2\/product_brand?post=18868"},{"taxonomy":"product_cat","embeddable":true,"href":"https:\/\/sklepfashion.pl\/index.php\/wp-json\/wp\/v2\/product_cat?post=18868"},{"taxonomy":"product_tag","embeddable":true,"href":"https:\/\/sklepfashion.pl\/index.php\/wp-json\/wp\/v2\/product_tag?post=18868"}],"curies":[{"name":"wp","href":"https:\/\/api.w.org\/{rel}","templated":true}]}}