{"id":13976,"date":"2025-01-04T10:45:21","date_gmt":"2025-01-04T10:45:21","guid":{"rendered":"https:\/\/sklepfashion.pl\/index.php\/produkt\/friboo-trzewiki-dla-dziecka-ocieplane-r-31-fr02l\/"},"modified":"2025-01-20T16:03:07","modified_gmt":"2025-01-20T16:03:07","slug":"friboo-trzewiki-dla-dziecka-ocieplane-r-31-fr02l","status":"publish","type":"product","link":"https:\/\/sklepfashion.pl\/index.php\/produkt\/friboo-trzewiki-dla-dziecka-ocieplane-r-31-fr02l\/","title":{"rendered":"Friboo trzewiki dla dziecka ocieplane R.31 FR02L"},"content":{"rendered":"<section class=\"section\">\n<div class=\"item item-6\">\n<section class=\"image-item\"><img decoding=\"async\" src=\"https:\/\/upload.cdn.baselinker.com\/products\/5028969\/970f7554a8b000b60f28fdb587115a21.jpg\" \/><\/section>\n<\/p><\/div>\n<div class=\"item item-6\">\n<section class=\"image-item\"><img decoding=\"async\" src=\"https:\/\/upload.cdn.baselinker.com\/products\/5028969\/abb3115c2eff9b04c98c9fe4b41d0306.jpg\" \/><\/section>\n<\/p><\/div>\n<\/section>\n<section class=\"section\">\n<div class=\"item item-6\">\n<section class=\"text-item\">\n<p>Friboo trzewiki dla dziecka ocieplane R.31 FR02L<\/p>\n<p>Rozmiar 31&nbsp; wk\u0142adka ca\u0142kowita&nbsp; 20-20.5 cm.<\/p>\n<p><b>Materia\u0142 wewn\u0119trzny: sk\u00f3ra&nbsp; eco<\/b><\/p>\n<p><b>Wy\u015bci\u00f3\u0142ka: ciep\u0142y materia\u0142<\/b><\/p>\n<p><b>Podeszwa: <\/b>syntetyczna\/gumowa<\/p>\n<p><b>Wysoko\u015b\u0107 obcasa<\/b>: 2&nbsp; cm<\/p>\n<p><b>Wysoko\u015b\u0107 obuwia ca\u0142kowita z obcasem:<\/b>&nbsp; 10 cm<\/p>\n<p><b>Szeroko\u015b\u0107 cholewki<\/b>: regulowana<\/p>\n<p><b>Rodzaj ocieplenia:&nbsp;<\/b>TAK<\/p>\n<p><b>Zapi\u0119cie;&nbsp; RZEPY<\/b><\/p>\n<p><b>Zapakowane w karton<\/b><\/p>\n<p>Obuwie na naszych aukcjach s\u0105 oryginalne pochodz\u0105ce ze sklep\u00f3w z najwi\u0119kszych znanych platform<\/p>\n<p>Zapraszamy do zakupu<\/p>\n<\/section><\/div>\n<div class=\"item item-6\">\n<section class=\"image-item\"><img decoding=\"async\" src=\"https:\/\/upload.cdn.baselinker.com\/products\/5028969\/829474c8bf2f3cb1e76c77468316bb4b.jpg\" \/><\/section>\n<\/p><\/div>\n<\/section>\n","protected":false},"excerpt":{"rendered":"<p>Friboo trzewiki dla dziecka ocieplane R.31 FR02L Rozmiar 31&nbsp; wk\u0142adka ca\u0142kowita&nbsp; 20-20.5 cm. Materia\u0142 wewn\u0119trzny: sk\u00f3ra&nbsp; eco Wy\u015bci\u00f3\u0142ka: ciep\u0142y materia\u0142 Podeszwa: syntetyczna\/gumowa Wysoko\u015b\u0107 obcasa: 2&nbsp; cm Wysoko\u015b\u0107 obuwia ca\u0142kowita z obcasem:&nbsp; 10 cm Szeroko\u015b\u0107 cholewki: regulowana Rodzaj ocieplenia:&nbsp;TAK Zapi\u0119cie;&nbsp; RZEPY Zapakowane w karton Obuwie na naszych aukcjach s\u0105 oryginalne pochodz\u0105ce ze sklep\u00f3w z najwi\u0119kszych znanych [&hellip;]<\/p>\n","protected":false},"featured_media":13967,"comment_status":"open","ping_status":"closed","template":"","meta":{"_gspb_post_css":"","slim_seo":{"title":"Friboo trzewiki dla dziecka ocieplane R.31 FR02L - SklepFashion Gda\u0144sk","description":"Friboo trzewiki dla dziecka ocieplane R.31 FR02L Rozmiar 31&nbsp; wk\u0142adka ca\u0142kowita&nbsp; 20-20.5 cm. Materia\u0142 wewn\u0119trzny: sk\u00f3ra&nbsp; eco Wy\u015bci\u00f3\u0142ka: ciep\u0142y mat"},"iawp_total_views":2},"product_brand":[],"product_cat":[162,155,183],"product_tag":[],"class_list":{"0":"post-13976","1":"product","2":"type-product","3":"status-publish","4":"has-post-thumbnail","6":"product_cat-obuwie-dzieciece","7":"product_cat-31-32","8":"product_cat-rozmiar-31-32","10":"first","11":"instock","12":"shipping-taxable","13":"purchasable","14":"product-type-simple"},"_links":{"self":[{"href":"https:\/\/sklepfashion.pl\/index.php\/wp-json\/wp\/v2\/product\/13976","targetHints":{"allow":["GET"]}}],"collection":[{"href":"https:\/\/sklepfashion.pl\/index.php\/wp-json\/wp\/v2\/product"}],"about":[{"href":"https:\/\/sklepfashion.pl\/index.php\/wp-json\/wp\/v2\/types\/product"}],"replies":[{"embeddable":true,"href":"https:\/\/sklepfashion.pl\/index.php\/wp-json\/wp\/v2\/comments?post=13976"}],"wp:featuredmedia":[{"embeddable":true,"href":"https:\/\/sklepfashion.pl\/index.php\/wp-json\/wp\/v2\/media\/13967"}],"wp:attachment":[{"href":"https:\/\/sklepfashion.pl\/index.php\/wp-json\/wp\/v2\/media?parent=13976"}],"wp:term":[{"taxonomy":"product_brand","embeddable":true,"href":"https:\/\/sklepfashion.pl\/index.php\/wp-json\/wp\/v2\/product_brand?post=13976"},{"taxonomy":"product_cat","embeddable":true,"href":"https:\/\/sklepfashion.pl\/index.php\/wp-json\/wp\/v2\/product_cat?post=13976"},{"taxonomy":"product_tag","embeddable":true,"href":"https:\/\/sklepfashion.pl\/index.php\/wp-json\/wp\/v2\/product_tag?post=13976"}],"curies":[{"name":"wp","href":"https:\/\/api.w.org\/{rel}","templated":true}]}}